{"id":5527,"date":"2022-05-10T13:41:56","date_gmt":"2022-05-10T11:41:56","guid":{"rendered":"https:\/\/ffl.lu\/projets\/%sorte%\/berufsausbildung-in-anie\/"},"modified":"2025-10-06T14:57:35","modified_gmt":"2025-10-06T12:57:35","slug":"berufsausbildung-in-anie","status":"publish","type":"projets","link":"https:\/\/ffl.lu\/de\/projekte\/bildung\/berufsausbildung-in-anie\/","title":{"rendered":"Berufsausbildung in Ani\u00e9"},"content":{"rendered":"\n<p><\/p>\n\n\n\n<p><strong>Das Zentrum f\u00f6rdert die Ausbildung und sozio\u00f6konomische Integration benachteiligter Jugendlicher ohne Schulabschluss in der Region Plateaux. Aktuell absolvieren 45 Jugendliche im Rahmen des Projekts, das in Partnerschaft mit der AAT-FFL umgesetzt wird, eine Ausbildung in einem von drei angebotenen Berufsbildungszweigen: Herren- und Damenschneiderei, Damenfriseur mit Schwerpunkt auf Flechtfrisuren oder Aluminiumtischlerei.<\/strong><\/p>\n\n\n\n<p>Im Jahr 2024 wurden mehrere wichtige Fortschritte erzielt: Die Zuweisung neuer Lehrkr\u00e4fte durch das Ministerium, die Einstellung eines Arbeitsleiters sowie regelm\u00e4\u00dfige Leistungsbewertungen von Ausbildern und Auszubildenden. Die stabile Zahl der Auszubildenden unterstreicht sowohl die Relevanz des Projekts als auch die hohe Motivation der Jugendlichen.<\/p>\n\n\n\n<p>Um die Jugendlichen praxisnah auf die Arbeitsrealit\u00e4t vorzubereiten, wurden Ende des Jahres in<strong> in 14 Partnerwerkst\u00e4tten Praktika<\/strong> organisiert. Diese Erfahrungen st\u00e4rkten die Beziehung zwischen dem Zentrum, lokalen Handwerksbetrieben und Auszubildenden und erm\u00f6glichten es den Auszubildenden zugleich, die erworbenen Kenntnisse praktisch anzuwenden.<\/p>\n\n\n\n<p>Trotz aller Fortschritte <strong>bleibt die Erreichbarkeit des Zentrums w\u00e4hrend der Regenzeit eine Herausforderung<\/strong>, da die Zufahrtsstra\u00dfe teils unpassierbar ist. Geplante Ausbauarbeiten sollen k\u00fcnftig den regelm\u00e4\u00dfigen Zugang des Zentrums durch die Auszubildenden auch in der Regenzeit sicherstellen.<\/p>\n","protected":false},"excerpt":{"rendered":"<p>Bis 2022 war die FFL in Togo ausschlie\u00dflich im Gesundheitsbereich aktiv &#8211; im Rahmen des Programms f\u00fcr Gemeindegesundheit der AAT-FFL. Erst 2022 beschlossen die FFL und ihr Partner, sich mit dem Bau eines Lernzentrums in Ani\u00e9 auch im Bildungsbereich zu engagieren.<\/p>\n","protected":false},"featured_media":6826,"parent":0,"menu_order":0,"template":"","sorte":[966],"le_pays":[973],"class_list":["post-5527","projets","type-projets","status-publish","has-post-thumbnail","hentry","sorte-bildung","le_pays-togo-de"],"acf":[],"yoast_head":"<!-- This site is optimized with the Yoast SEO plugin v27.1.1 - https:\/\/yoast.com\/product\/yoast-seo-wordpress\/ -->\n<title>Berufsausbildung in Ani\u00e9 - Fondation Follereau Luxembourg<\/title>\n<meta name=\"robots\" content=\"index, follow, max-snippet:-1, max-image-preview:large, max-video-preview:-1\" \/>\n<link rel=\"canonical\" href=\"https:\/\/ffl.lu\/de\/projekte\/bildung\/berufsausbildung-in-anie\/\" \/>\n<meta property=\"og:locale\" content=\"de_DE\" \/>\n<meta property=\"og:type\" content=\"article\" \/>\n<meta property=\"og:title\" content=\"Berufsausbildung in Ani\u00e9 - Fondation Follereau Luxembourg\" \/>\n<meta property=\"og:description\" content=\"Bis 2022 war die FFL in Togo ausschlie\u00dflich im Gesundheitsbereich aktiv - im Rahmen des Programms f\u00fcr Gemeindegesundheit der AAT-FFL. Erst 2022 beschlossen die FFL und ihr Partner, sich mit dem Bau eines Lernzentrums in Ani\u00e9 auch im Bildungsbereich zu engagieren.\" \/>\n<meta property=\"og:url\" content=\"https:\/\/ffl.lu\/de\/projekte\/bildung\/berufsausbildung-in-anie\/\" \/>\n<meta property=\"og:site_name\" content=\"Fondation Follereau Luxembourg\" \/>\n<meta property=\"article:modified_time\" content=\"2025-10-06T12:57:35+00:00\" \/>\n<meta property=\"og:image\" content=\"https:\/\/ffl.lu\/wp-content\/uploads\/2022\/03\/Amele-16-ans-Centre-dapprentissage-dAnie-Aurelien-Ernst-FFL-27.jpg\" \/>\n\t<meta property=\"og:image:width\" content=\"2500\" \/>\n\t<meta property=\"og:image:height\" content=\"1667\" \/>\n\t<meta property=\"og:image:type\" content=\"image\/jpeg\" \/>\n<meta name=\"twitter:card\" content=\"summary_large_image\" \/>\n<meta name=\"twitter:label1\" content=\"Gesch\u00e4tzte Lesezeit\" \/>\n\t<meta name=\"twitter:data1\" content=\"2\u00a0Minuten\" \/>\n<script type=\"application\/ld+json\" class=\"yoast-schema-graph\">{\"@context\":\"https:\/\/schema.org\",\"@graph\":[{\"@type\":\"WebPage\",\"@id\":\"https:\/\/ffl.lu\/de\/projekte\/bildung\/berufsausbildung-in-anie\/\",\"url\":\"https:\/\/ffl.lu\/de\/projekte\/bildung\/berufsausbildung-in-anie\/\",\"name\":\"Berufsausbildung in Ani\u00e9 - Fondation Follereau Luxembourg\",\"isPartOf\":{\"@id\":\"https:\/\/ffl.lu\/de\/#website\"},\"primaryImageOfPage\":{\"@id\":\"https:\/\/ffl.lu\/de\/projekte\/bildung\/berufsausbildung-in-anie\/#primaryimage\"},\"image\":{\"@id\":\"https:\/\/ffl.lu\/de\/projekte\/bildung\/berufsausbildung-in-anie\/#primaryimage\"},\"thumbnailUrl\":\"https:\/\/ffl.lu\/wp-content\/uploads\/2022\/03\/Amele-16-ans-Centre-dapprentissage-dAnie-Aurelien-Ernst-FFL-27.jpg\",\"datePublished\":\"2022-05-10T11:41:56+00:00\",\"dateModified\":\"2025-10-06T12:57:35+00:00\",\"breadcrumb\":{\"@id\":\"https:\/\/ffl.lu\/de\/projekte\/bildung\/berufsausbildung-in-anie\/#breadcrumb\"},\"inLanguage\":\"de\",\"potentialAction\":[{\"@type\":\"ReadAction\",\"target\":[\"https:\/\/ffl.lu\/de\/projekte\/bildung\/berufsausbildung-in-anie\/\"]}]},{\"@type\":\"ImageObject\",\"inLanguage\":\"de\",\"@id\":\"https:\/\/ffl.lu\/de\/projekte\/bildung\/berufsausbildung-in-anie\/#primaryimage\",\"url\":\"https:\/\/ffl.lu\/wp-content\/uploads\/2022\/03\/Amele-16-ans-Centre-dapprentissage-dAnie-Aurelien-Ernst-FFL-27.jpg\",\"contentUrl\":\"https:\/\/ffl.lu\/wp-content\/uploads\/2022\/03\/Amele-16-ans-Centre-dapprentissage-dAnie-Aurelien-Ernst-FFL-27.jpg\",\"width\":2500,\"height\":1667},{\"@type\":\"BreadcrumbList\",\"@id\":\"https:\/\/ffl.lu\/de\/projekte\/bildung\/berufsausbildung-in-anie\/#breadcrumb\",\"itemListElement\":[{\"@type\":\"ListItem\",\"position\":1,\"name\":\"Home\",\"item\":\"https:\/\/ffl.lu\/de\/\"},{\"@type\":\"ListItem\",\"position\":2,\"name\":\"Projets\",\"item\":\"https:\/\/ffl.lu\/de\/projekte\/\"},{\"@type\":\"ListItem\",\"position\":3,\"name\":\"Berufsausbildung in Ani\u00e9\"}]},{\"@type\":\"WebSite\",\"@id\":\"https:\/\/ffl.lu\/de\/#website\",\"url\":\"https:\/\/ffl.lu\/de\/\",\"name\":\"Fondation Follereau Luxembourg\",\"description\":\"Tout seul, on va vite. Ensemble, on va plus loin\",\"potentialAction\":[{\"@type\":\"SearchAction\",\"target\":{\"@type\":\"EntryPoint\",\"urlTemplate\":\"https:\/\/ffl.lu\/de\/?s={search_term_string}\"},\"query-input\":{\"@type\":\"PropertyValueSpecification\",\"valueRequired\":true,\"valueName\":\"search_term_string\"}}],\"inLanguage\":\"de\"}]}<\/script>\n<!-- \/ Yoast SEO plugin. -->","yoast_head_json":{"title":"Berufsausbildung in Ani\u00e9 - Fondation Follereau Luxembourg","robots":{"index":"index","follow":"follow","max-snippet":"max-snippet:-1","max-image-preview":"max-image-preview:large","max-video-preview":"max-video-preview:-1"},"canonical":"https:\/\/ffl.lu\/de\/projekte\/bildung\/berufsausbildung-in-anie\/","og_locale":"de_DE","og_type":"article","og_title":"Berufsausbildung in Ani\u00e9 - Fondation Follereau Luxembourg","og_description":"Bis 2022 war die FFL in Togo ausschlie\u00dflich im Gesundheitsbereich aktiv - im Rahmen des Programms f\u00fcr Gemeindegesundheit der AAT-FFL. Erst 2022 beschlossen die FFL und ihr Partner, sich mit dem Bau eines Lernzentrums in Ani\u00e9 auch im Bildungsbereich zu engagieren.","og_url":"https:\/\/ffl.lu\/de\/projekte\/bildung\/berufsausbildung-in-anie\/","og_site_name":"Fondation Follereau Luxembourg","article_modified_time":"2025-10-06T12:57:35+00:00","og_image":[{"width":2500,"height":1667,"url":"https:\/\/ffl.lu\/wp-content\/uploads\/2022\/03\/Amele-16-ans-Centre-dapprentissage-dAnie-Aurelien-Ernst-FFL-27.jpg","type":"image\/jpeg"}],"twitter_card":"summary_large_image","twitter_misc":{"Gesch\u00e4tzte Lesezeit":"2\u00a0Minuten"},"schema":{"@context":"https:\/\/schema.org","@graph":[{"@type":"WebPage","@id":"https:\/\/ffl.lu\/de\/projekte\/bildung\/berufsausbildung-in-anie\/","url":"https:\/\/ffl.lu\/de\/projekte\/bildung\/berufsausbildung-in-anie\/","name":"Berufsausbildung in Ani\u00e9 - Fondation Follereau Luxembourg","isPartOf":{"@id":"https:\/\/ffl.lu\/de\/#website"},"primaryImageOfPage":{"@id":"https:\/\/ffl.lu\/de\/projekte\/bildung\/berufsausbildung-in-anie\/#primaryimage"},"image":{"@id":"https:\/\/ffl.lu\/de\/projekte\/bildung\/berufsausbildung-in-anie\/#primaryimage"},"thumbnailUrl":"https:\/\/ffl.lu\/wp-content\/uploads\/2022\/03\/Amele-16-ans-Centre-dapprentissage-dAnie-Aurelien-Ernst-FFL-27.jpg","datePublished":"2022-05-10T11:41:56+00:00","dateModified":"2025-10-06T12:57:35+00:00","breadcrumb":{"@id":"https:\/\/ffl.lu\/de\/projekte\/bildung\/berufsausbildung-in-anie\/#breadcrumb"},"inLanguage":"de","potentialAction":[{"@type":"ReadAction","target":["https:\/\/ffl.lu\/de\/projekte\/bildung\/berufsausbildung-in-anie\/"]}]},{"@type":"ImageObject","inLanguage":"de","@id":"https:\/\/ffl.lu\/de\/projekte\/bildung\/berufsausbildung-in-anie\/#primaryimage","url":"https:\/\/ffl.lu\/wp-content\/uploads\/2022\/03\/Amele-16-ans-Centre-dapprentissage-dAnie-Aurelien-Ernst-FFL-27.jpg","contentUrl":"https:\/\/ffl.lu\/wp-content\/uploads\/2022\/03\/Amele-16-ans-Centre-dapprentissage-dAnie-Aurelien-Ernst-FFL-27.jpg","width":2500,"height":1667},{"@type":"BreadcrumbList","@id":"https:\/\/ffl.lu\/de\/projekte\/bildung\/berufsausbildung-in-anie\/#breadcrumb","itemListElement":[{"@type":"ListItem","position":1,"name":"Home","item":"https:\/\/ffl.lu\/de\/"},{"@type":"ListItem","position":2,"name":"Projets","item":"https:\/\/ffl.lu\/de\/projekte\/"},{"@type":"ListItem","position":3,"name":"Berufsausbildung in Ani\u00e9"}]},{"@type":"WebSite","@id":"https:\/\/ffl.lu\/de\/#website","url":"https:\/\/ffl.lu\/de\/","name":"Fondation Follereau Luxembourg","description":"Tout seul, on va vite. Ensemble, on va plus loin","potentialAction":[{"@type":"SearchAction","target":{"@type":"EntryPoint","urlTemplate":"https:\/\/ffl.lu\/de\/?s={search_term_string}"},"query-input":{"@type":"PropertyValueSpecification","valueRequired":true,"valueName":"search_term_string"}}],"inLanguage":"de"}]}},"_links":{"self":[{"href":"https:\/\/ffl.lu\/de\/wp-json\/wp\/v2\/projets\/5527","targetHints":{"allow":["GET"]}}],"collection":[{"href":"https:\/\/ffl.lu\/de\/wp-json\/wp\/v2\/projets"}],"about":[{"href":"https:\/\/ffl.lu\/de\/wp-json\/wp\/v2\/types\/projets"}],"wp:featuredmedia":[{"embeddable":true,"href":"https:\/\/ffl.lu\/de\/wp-json\/wp\/v2\/media\/6826"}],"wp:attachment":[{"href":"https:\/\/ffl.lu\/de\/wp-json\/wp\/v2\/media?parent=5527"}],"wp:term":[{"taxonomy":"sorte","embeddable":true,"href":"https:\/\/ffl.lu\/de\/wp-json\/wp\/v2\/sorte?post=5527"},{"taxonomy":"le_pays","embeddable":true,"href":"https:\/\/ffl.lu\/de\/wp-json\/wp\/v2\/le_pays?post=5527"}],"curies":[{"name":"wp","href":"https:\/\/api.w.org\/{rel}","templated":true}]}}

Berufsausbildung in Anié

<p></p>



<p><strong>Das Zentrum fördert die Ausbildung und sozioökonomische Integration benachteiligter Jugendlicher ohne Schulabschluss in der Region Plateaux. Aktuell absolvieren 45 Jugendliche im Rahmen des Projekts, das in Partnerschaft mit der AAT-FFL umgesetzt wird, eine Ausbildung in einem von drei angebotenen Berufsbildungszweigen: Herren- und Damenschneiderei, Damenfriseur mit Schwerpunkt auf Flechtfrisuren oder Aluminiumtischlerei.</strong></p>



<p>Im Jahr 2024 wurden mehrere wichtige Fortschritte erzielt: Die Zuweisung neuer Lehrkräfte durch das Ministerium, die Einstellung eines Arbeitsleiters sowie regelmäßige Leistungsbewertungen von Ausbildern und Auszubildenden. Die stabile Zahl der Auszubildenden unterstreicht sowohl die Relevanz des Projekts als auch die hohe Motivation der Jugendlichen.</p>



<p>Um die Jugendlichen praxisnah auf die Arbeitsrealität vorzubereiten, wurden Ende des Jahres in<strong> in 14 Partnerwerkstätten Praktika</strong> organisiert. Diese Erfahrungen stärkten die Beziehung zwischen dem Zentrum, lokalen Handwerksbetrieben und Auszubildenden und ermöglichten es den Auszubildenden zugleich, die erworbenen Kenntnisse praktisch anzuwenden.</p>



<p>Trotz aller Fortschritte <strong>bleibt die Erreichbarkeit des Zentrums während der Regenzeit eine Herausforderung</strong>, da die Zufahrtsstraße teils unpassierbar ist. Geplante Ausbauarbeiten sollen künftig den regelmäßigen Zugang des Zentrums durch die Auszubildenden auch in der Regenzeit sicherstellen.</p>

<p>Bis 2022 war die FFL in Togo ausschließlich im Gesundheitsbereich aktiv &#8211; im Rahmen des Programms für Gemeindegesundheit der AAT-FFL. Erst 2022 beschlossen die FFL und ihr Partner, sich mit dem Bau eines Lernzentrums in Anié auch im Bildungsbereich zu engagieren.</p>

<!-- This site is optimized with the Yoast SEO plugin v27.1.1 - https://yoast.com/product/yoast-seo-wordpress/ -->
<title>Berufsausbildung in Anié - Fondation Follereau Luxembourg</title>
<meta name="robots" content="index, follow, max-snippet:-1, max-image-preview:large, max-video-preview:-1" />
<link rel="canonical" href="https://ffl.lu/de/projekte/bildung/berufsausbildung-in-anie/" />
<meta property="og:locale" content="de_DE" />
<meta property="og:type" content="article" />
<meta property="og:title" content="Berufsausbildung in Anié - Fondation Follereau Luxembourg" />
<meta property="og:description" content="Bis 2022 war die FFL in Togo ausschließlich im Gesundheitsbereich aktiv - im Rahmen des Programms für Gemeindegesundheit der AAT-FFL. Erst 2022 beschlossen die FFL und ihr Partner, sich mit dem Bau eines Lernzentrums in Anié auch im Bildungsbereich zu engagieren." />
<meta property="og:url" content="https://ffl.lu/de/projekte/bildung/berufsausbildung-in-anie/" />
<meta property="og:site_name" content="Fondation Follereau Luxembourg" />
<meta property="article:modified_time" content="2025-10-06T12:57:35+00:00" />
<meta property="og:image" content="https://ffl.lu/wp-content/uploads/2022/03/Amele-16-ans-Centre-dapprentissage-dAnie-Aurelien-Ernst-FFL-27.jpg" />
	<meta property="og:image:width" content="2500" />
	<meta property="og:image:height" content="1667" />
	<meta property="og:image:type" content="image/jpeg" />
<meta name="twitter:card" content="summary_large_image" />
<meta name="twitter:label1" content="Geschätzte Lesezeit" />
	<meta name="twitter:data1" content="2 Minuten" />
<script type="application/ld+json" class="yoast-schema-graph">{"@context":"https://schema.org","@graph":[{"@type":"WebPage","@id":"https://ffl.lu/de/projekte/bildung/berufsausbildung-in-anie/","url":"https://ffl.lu/de/projekte/bildung/berufsausbildung-in-anie/","name":"Berufsausbildung in Anié - Fondation Follereau Luxembourg","isPartOf":{"@id":"https://ffl.lu/de/#website"},"primaryImageOfPage":{"@id":"https://ffl.lu/de/projekte/bildung/berufsausbildung-in-anie/#primaryimage"},"image":{"@id":"https://ffl.lu/de/projekte/bildung/berufsausbildung-in-anie/#primaryimage"},"thumbnailUrl":"https://ffl.lu/wp-content/uploads/2022/03/Amele-16-ans-Centre-dapprentissage-dAnie-Aurelien-Ernst-FFL-27.jpg","datePublished":"2022-05-10T11:41:56+00:00","dateModified":"2025-10-06T12:57:35+00:00","breadcrumb":{"@id":"https://ffl.lu/de/projekte/bildung/berufsausbildung-in-anie/#breadcrumb"},"inLanguage":"de","potentialAction":[{"@type":"ReadAction","target":["https://ffl.lu/de/projekte/bildung/berufsausbildung-in-anie/"]}]},{"@type":"ImageObject","inLanguage":"de","@id":"https://ffl.lu/de/projekte/bildung/berufsausbildung-in-anie/#primaryimage","url":"https://ffl.lu/wp-content/uploads/2022/03/Amele-16-ans-Centre-dapprentissage-dAnie-Aurelien-Ernst-FFL-27.jpg","contentUrl":"https://ffl.lu/wp-content/uploads/2022/03/Amele-16-ans-Centre-dapprentissage-dAnie-Aurelien-Ernst-FFL-27.jpg","width":2500,"height":1667},{"@type":"BreadcrumbList","@id":"https://ffl.lu/de/projekte/bildung/berufsausbildung-in-anie/#breadcrumb","itemListElement":[{"@type":"ListItem","position":1,"name":"Home","item":"https://ffl.lu/de/"},{"@type":"ListItem","position":2,"name":"Projets","item":"https://ffl.lu/de/projekte/"},{"@type":"ListItem","position":3,"name":"Berufsausbildung in Anié"}]},{"@type":"WebSite","@id":"https://ffl.lu/de/#website","url":"https://ffl.lu/de/","name":"Fondation Follereau Luxembourg","description":"Tout seul, on va vite. Ensemble, on va plus loin","potentialAction":[{"@type":"SearchAction","target":{"@type":"EntryPoint","urlTemplate":"https://ffl.lu/de/?s={search_term_string}"},"query-input":{"@type":"PropertyValueSpecification","valueRequired":true,"valueName":"search_term_string"}}],"inLanguage":"de"}]}</script>
<!-- / Yoast SEO plugin. -->

Berufsausbildung in Anié - Fondation Follereau Luxembourg

Bis 2022 war die FFL in Togo ausschließlich im Gesundheitsbereich aktiv - im Rahmen des Programms für Gemeindegesundheit der AAT-FFL. Erst 2022 beschlossen die FFL und ihr Partner, sich mit dem Bau eines Lernzentrums in Anié auch im Bildungsbereich zu engagieren.
