{"id":3576,"date":"2020-03-18T14:02:00","date_gmt":"2020-03-18T14:02:00","guid":{"rendered":"https:\/\/www.ffl.lu\/projets\/%sorte%\/centre-de-formation-professionnelle-de-ze\/"},"modified":"2021-05-04T15:01:09","modified_gmt":"2021-05-04T13:01:09","slug":"ausbildungszentrum-in-ze","status":"publish","type":"projets","link":"https:\/\/ffl.lu\/de\/projekte\/archiv\/ausbildungszentrum-in-ze\/","title":{"rendered":"Berufsbildungszentrum in Z\u00e8"},"content":{"rendered":"\n<p class=\"underline-text\"><strong>Seit 2009 engagiert sich die Fondation Follereau Luxembourg dank ihres lokalen Partners (R-FFL) direkt in der Gemeinde Z\u00e8, insbesondere durch den Bau und die Ausstattung eines Berufsbildungszentrums (CFP).<\/strong><\/p>\n\n\n\n<div class=\"wp-block-columns is-layout-flex wp-container-core-columns-is-layout-9d6595d7 wp-block-columns-is-layout-flex\">\n<div class=\"wp-block-column is-layout-flow wp-block-column-is-layout-flow\">\n<p>Um den Mangel an Ausbildungseinrichtungen in der Gemeinde zu beheben, \u00f6ffnete das Zentrum im Oktober 2015 seine T\u00fcren und nahm 45 Jugendliche aus der Gemeinde Z\u00e8 und Umgebung zu einer dreij\u00e4hrigen Ausbildung in den Bereichen der Schneiderei, Schreinerei und Maurerei auf. Durch die Unterzeichnung des Partnerschaftsabkommens mit dem Rathaus von Z\u00e8 hat die R-FFL einen gro\u00dfen Schritt nach vorne gemacht und damit die Nachhaltigkeit und die zuk\u00fcnftige autarke Versorgung des Projekts garantiert. Ziel des Projekts ist es, diesen jungen Menschen eine Chance zu bieten, indem sie berufliches Know-how &nbsp;erwerben k\u00f6nnen und somit auf dem Arbeitsmarkt konkurrenzf\u00e4hig &nbsp;sind. Dieser Ansatz erm\u00f6glicht es jungen Menschen, sowohl von theoretischem Wissen, als auch von &nbsp;praktischer Erfahrung zu profitieren.<\/p>\n\n\n\n<p><\/p>\n<\/div>\n\n\n\n<div class=\"wp-block-column is-layout-flow wp-block-column-is-layout-flow\">\n<p>Am 28. Dezember 2018 feierte das CFP im Rahmen einer Kit-\u00dcbergabezeremonie die ersten Laureaten in der Schneiderei und Maurerei, der sogenannten \u201cJos Hilger\u201d-Promotion. Im Jahr 2019 setzten 49 Lehrlinge zwischen 16 und 23 Jahren ihre Ausbildung fort:<\/p>\n\n\n\n<ul class=\"wp-block-list\"><li>17 in der <strong>Schreinerei<\/strong>, darunter 4 M\u00e4dchen<\/li><li>16 in der <strong>Maurerei<\/strong>, darunter 1 M\u00e4dchen<\/li><li>16 in der <strong>Schneiderei<\/strong>, darunter 4 Jungen<\/li><\/ul>\n\n\n\n<p><em>Im Jahr 2020 hat das Zentrum die notwendigen Schritte unternommen um seine Autonomie zu erlangen, sodass die Hilfe der FFL nicht mehr notwendig ist.<\/em><\/p>\n<\/div>\n<\/div>\n","protected":false},"excerpt":{"rendered":"<p>1998 verabschiedete Benin eine nationale Politik zur F\u00f6rderung und Entwicklung der Berufsausbildung. Mit Blick auf die wirtschaftliche Entwicklung und Armutsbek\u00e4mpfung gilt die Bildung somit als eine nationale Priorit\u00e4t. <\/p>\n","protected":false},"featured_media":895,"parent":0,"menu_order":0,"template":"","sorte":[1103],"le_pays":[972],"class_list":["post-3576","projets","type-projets","status-publish","has-post-thumbnail","hentry","sorte-archiv","le_pays-benin-de"],"acf":[],"yoast_head":"<!-- This site is optimized with the Yoast SEO plugin v27.1.1 - https:\/\/yoast.com\/product\/yoast-seo-wordpress\/ -->\n<title>Berufsbildungszentrum in Z\u00e8 - Fondation Follereau Luxembourg<\/title>\n<meta name=\"robots\" content=\"index, follow, max-snippet:-1, max-image-preview:large, max-video-preview:-1\" \/>\n<link rel=\"canonical\" href=\"https:\/\/ffl.lu\/de\/projekte\/archiv\/ausbildungszentrum-in-ze\/\" \/>\n<meta property=\"og:locale\" content=\"de_DE\" \/>\n<meta property=\"og:type\" content=\"article\" \/>\n<meta property=\"og:title\" content=\"Berufsbildungszentrum in Z\u00e8 - Fondation Follereau Luxembourg\" \/>\n<meta property=\"og:description\" content=\"1998 verabschiedete Benin eine nationale Politik zur F\u00f6rderung und Entwicklung der Berufsausbildung. Mit Blick auf die wirtschaftliche Entwicklung und Armutsbek\u00e4mpfung gilt die Bildung somit als eine nationale Priorit\u00e4t.\" \/>\n<meta property=\"og:url\" content=\"https:\/\/ffl.lu\/de\/projekte\/archiv\/ausbildungszentrum-in-ze\/\" \/>\n<meta property=\"og:site_name\" content=\"Fondation Follereau Luxembourg\" \/>\n<meta property=\"article:modified_time\" content=\"2021-05-04T13:01:09+00:00\" \/>\n<meta property=\"og:image\" content=\"https:\/\/ffl.lu\/wp-content\/uploads\/2020\/02\/PGC_9176-BENIN.jpg\" \/>\n\t<meta property=\"og:image:width\" content=\"1280\" \/>\n\t<meta property=\"og:image:height\" content=\"1280\" \/>\n\t<meta property=\"og:image:type\" content=\"image\/jpeg\" \/>\n<meta name=\"twitter:card\" content=\"summary_large_image\" \/>\n<meta name=\"twitter:label1\" content=\"Gesch\u00e4tzte Lesezeit\" \/>\n\t<meta name=\"twitter:data1\" content=\"1\u00a0Minute\" \/>\n<script type=\"application\/ld+json\" class=\"yoast-schema-graph\">{\"@context\":\"https:\/\/schema.org\",\"@graph\":[{\"@type\":\"WebPage\",\"@id\":\"https:\/\/ffl.lu\/de\/projekte\/archiv\/ausbildungszentrum-in-ze\/\",\"url\":\"https:\/\/ffl.lu\/de\/projekte\/archiv\/ausbildungszentrum-in-ze\/\",\"name\":\"Berufsbildungszentrum in Z\u00e8 - Fondation Follereau Luxembourg\",\"isPartOf\":{\"@id\":\"https:\/\/ffl.lu\/de\/#website\"},\"primaryImageOfPage\":{\"@id\":\"https:\/\/ffl.lu\/de\/projekte\/archiv\/ausbildungszentrum-in-ze\/#primaryimage\"},\"image\":{\"@id\":\"https:\/\/ffl.lu\/de\/projekte\/archiv\/ausbildungszentrum-in-ze\/#primaryimage\"},\"thumbnailUrl\":\"https:\/\/ffl.lu\/wp-content\/uploads\/2020\/02\/PGC_9176-BENIN.jpg\",\"datePublished\":\"2020-03-18T14:02:00+00:00\",\"dateModified\":\"2021-05-04T13:01:09+00:00\",\"breadcrumb\":{\"@id\":\"https:\/\/ffl.lu\/de\/projekte\/archiv\/ausbildungszentrum-in-ze\/#breadcrumb\"},\"inLanguage\":\"de\",\"potentialAction\":[{\"@type\":\"ReadAction\",\"target\":[\"https:\/\/ffl.lu\/de\/projekte\/archiv\/ausbildungszentrum-in-ze\/\"]}]},{\"@type\":\"ImageObject\",\"inLanguage\":\"de\",\"@id\":\"https:\/\/ffl.lu\/de\/projekte\/archiv\/ausbildungszentrum-in-ze\/#primaryimage\",\"url\":\"https:\/\/ffl.lu\/wp-content\/uploads\/2020\/02\/PGC_9176-BENIN.jpg\",\"contentUrl\":\"https:\/\/ffl.lu\/wp-content\/uploads\/2020\/02\/PGC_9176-BENIN.jpg\",\"width\":1280,\"height\":1280,\"caption\":\"Centre de formation professionnelle de Z\u00e8\"},{\"@type\":\"BreadcrumbList\",\"@id\":\"https:\/\/ffl.lu\/de\/projekte\/archiv\/ausbildungszentrum-in-ze\/#breadcrumb\",\"itemListElement\":[{\"@type\":\"ListItem\",\"position\":1,\"name\":\"Home\",\"item\":\"https:\/\/ffl.lu\/de\/\"},{\"@type\":\"ListItem\",\"position\":2,\"name\":\"Projets\",\"item\":\"https:\/\/ffl.lu\/de\/projekte\/\"},{\"@type\":\"ListItem\",\"position\":3,\"name\":\"Berufsbildungszentrum in Z\u00e8\"}]},{\"@type\":\"WebSite\",\"@id\":\"https:\/\/ffl.lu\/de\/#website\",\"url\":\"https:\/\/ffl.lu\/de\/\",\"name\":\"Fondation Follereau Luxembourg\",\"description\":\"Tout seul, on va vite. Ensemble, on va plus loin\",\"potentialAction\":[{\"@type\":\"SearchAction\",\"target\":{\"@type\":\"EntryPoint\",\"urlTemplate\":\"https:\/\/ffl.lu\/de\/?s={search_term_string}\"},\"query-input\":{\"@type\":\"PropertyValueSpecification\",\"valueRequired\":true,\"valueName\":\"search_term_string\"}}],\"inLanguage\":\"de\"}]}<\/script>\n<!-- \/ Yoast SEO plugin. -->","yoast_head_json":{"title":"Berufsbildungszentrum in Z\u00e8 - Fondation Follereau Luxembourg","robots":{"index":"index","follow":"follow","max-snippet":"max-snippet:-1","max-image-preview":"max-image-preview:large","max-video-preview":"max-video-preview:-1"},"canonical":"https:\/\/ffl.lu\/de\/projekte\/archiv\/ausbildungszentrum-in-ze\/","og_locale":"de_DE","og_type":"article","og_title":"Berufsbildungszentrum in Z\u00e8 - Fondation Follereau Luxembourg","og_description":"1998 verabschiedete Benin eine nationale Politik zur F\u00f6rderung und Entwicklung der Berufsausbildung. Mit Blick auf die wirtschaftliche Entwicklung und Armutsbek\u00e4mpfung gilt die Bildung somit als eine nationale Priorit\u00e4t.","og_url":"https:\/\/ffl.lu\/de\/projekte\/archiv\/ausbildungszentrum-in-ze\/","og_site_name":"Fondation Follereau Luxembourg","article_modified_time":"2021-05-04T13:01:09+00:00","og_image":[{"width":1280,"height":1280,"url":"https:\/\/ffl.lu\/wp-content\/uploads\/2020\/02\/PGC_9176-BENIN.jpg","type":"image\/jpeg"}],"twitter_card":"summary_large_image","twitter_misc":{"Gesch\u00e4tzte Lesezeit":"1\u00a0Minute"},"schema":{"@context":"https:\/\/schema.org","@graph":[{"@type":"WebPage","@id":"https:\/\/ffl.lu\/de\/projekte\/archiv\/ausbildungszentrum-in-ze\/","url":"https:\/\/ffl.lu\/de\/projekte\/archiv\/ausbildungszentrum-in-ze\/","name":"Berufsbildungszentrum in Z\u00e8 - Fondation Follereau Luxembourg","isPartOf":{"@id":"https:\/\/ffl.lu\/de\/#website"},"primaryImageOfPage":{"@id":"https:\/\/ffl.lu\/de\/projekte\/archiv\/ausbildungszentrum-in-ze\/#primaryimage"},"image":{"@id":"https:\/\/ffl.lu\/de\/projekte\/archiv\/ausbildungszentrum-in-ze\/#primaryimage"},"thumbnailUrl":"https:\/\/ffl.lu\/wp-content\/uploads\/2020\/02\/PGC_9176-BENIN.jpg","datePublished":"2020-03-18T14:02:00+00:00","dateModified":"2021-05-04T13:01:09+00:00","breadcrumb":{"@id":"https:\/\/ffl.lu\/de\/projekte\/archiv\/ausbildungszentrum-in-ze\/#breadcrumb"},"inLanguage":"de","potentialAction":[{"@type":"ReadAction","target":["https:\/\/ffl.lu\/de\/projekte\/archiv\/ausbildungszentrum-in-ze\/"]}]},{"@type":"ImageObject","inLanguage":"de","@id":"https:\/\/ffl.lu\/de\/projekte\/archiv\/ausbildungszentrum-in-ze\/#primaryimage","url":"https:\/\/ffl.lu\/wp-content\/uploads\/2020\/02\/PGC_9176-BENIN.jpg","contentUrl":"https:\/\/ffl.lu\/wp-content\/uploads\/2020\/02\/PGC_9176-BENIN.jpg","width":1280,"height":1280,"caption":"Centre de formation professionnelle de Z\u00e8"},{"@type":"BreadcrumbList","@id":"https:\/\/ffl.lu\/de\/projekte\/archiv\/ausbildungszentrum-in-ze\/#breadcrumb","itemListElement":[{"@type":"ListItem","position":1,"name":"Home","item":"https:\/\/ffl.lu\/de\/"},{"@type":"ListItem","position":2,"name":"Projets","item":"https:\/\/ffl.lu\/de\/projekte\/"},{"@type":"ListItem","position":3,"name":"Berufsbildungszentrum in Z\u00e8"}]},{"@type":"WebSite","@id":"https:\/\/ffl.lu\/de\/#website","url":"https:\/\/ffl.lu\/de\/","name":"Fondation Follereau Luxembourg","description":"Tout seul, on va vite. Ensemble, on va plus loin","potentialAction":[{"@type":"SearchAction","target":{"@type":"EntryPoint","urlTemplate":"https:\/\/ffl.lu\/de\/?s={search_term_string}"},"query-input":{"@type":"PropertyValueSpecification","valueRequired":true,"valueName":"search_term_string"}}],"inLanguage":"de"}]}},"_links":{"self":[{"href":"https:\/\/ffl.lu\/de\/wp-json\/wp\/v2\/projets\/3576","targetHints":{"allow":["GET"]}}],"collection":[{"href":"https:\/\/ffl.lu\/de\/wp-json\/wp\/v2\/projets"}],"about":[{"href":"https:\/\/ffl.lu\/de\/wp-json\/wp\/v2\/types\/projets"}],"wp:featuredmedia":[{"embeddable":true,"href":"https:\/\/ffl.lu\/de\/wp-json\/wp\/v2\/media\/895"}],"wp:attachment":[{"href":"https:\/\/ffl.lu\/de\/wp-json\/wp\/v2\/media?parent=3576"}],"wp:term":[{"taxonomy":"sorte","embeddable":true,"href":"https:\/\/ffl.lu\/de\/wp-json\/wp\/v2\/sorte?post=3576"},{"taxonomy":"le_pays","embeddable":true,"href":"https:\/\/ffl.lu\/de\/wp-json\/wp\/v2\/le_pays?post=3576"}],"curies":[{"name":"wp","href":"https:\/\/api.w.org\/{rel}","templated":true}]}}

Berufsbildungszentrum in Zè

<p class="underline-text"><strong>Seit 2009 engagiert sich die Fondation Follereau Luxembourg dank ihres lokalen Partners (R-FFL) direkt in der Gemeinde Zè, insbesondere durch den Bau und die Ausstattung eines Berufsbildungszentrums (CFP).</strong></p>



<div class="wp-block-columns is-layout-flex wp-container-core-columns-is-layout-9d6595d7 wp-block-columns-is-layout-flex">
<div class="wp-block-column is-layout-flow wp-block-column-is-layout-flow">
<p>Um den Mangel an Ausbildungseinrichtungen in der Gemeinde zu beheben, öffnete das Zentrum im Oktober 2015 seine Türen und nahm 45 Jugendliche aus der Gemeinde Zè und Umgebung zu einer dreijährigen Ausbildung in den Bereichen der Schneiderei, Schreinerei und Maurerei auf. Durch die Unterzeichnung des Partnerschaftsabkommens mit dem Rathaus von Zè hat die R-FFL einen großen Schritt nach vorne gemacht und damit die Nachhaltigkeit und die zukünftige autarke Versorgung des Projekts garantiert. Ziel des Projekts ist es, diesen jungen Menschen eine Chance zu bieten, indem sie berufliches Know-how &nbsp;erwerben können und somit auf dem Arbeitsmarkt konkurrenzfähig &nbsp;sind. Dieser Ansatz ermöglicht es jungen Menschen, sowohl von theoretischem Wissen, als auch von &nbsp;praktischer Erfahrung zu profitieren.</p>



<p></p>
</div>



<div class="wp-block-column is-layout-flow wp-block-column-is-layout-flow">
<p>Am 28. Dezember 2018 feierte das CFP im Rahmen einer Kit-Übergabezeremonie die ersten Laureaten in der Schneiderei und Maurerei, der sogenannten “Jos Hilger”-Promotion. Im Jahr 2019 setzten 49 Lehrlinge zwischen 16 und 23 Jahren ihre Ausbildung fort:</p>



<ul class="wp-block-list"><li>17 in der <strong>Schreinerei</strong>, darunter 4 Mädchen</li><li>16 in der <strong>Maurerei</strong>, darunter 1 Mädchen</li><li>16 in der <strong>Schneiderei</strong>, darunter 4 Jungen</li></ul>



<p><em>Im Jahr 2020 hat das Zentrum die notwendigen Schritte unternommen um seine Autonomie zu erlangen, sodass die Hilfe der FFL nicht mehr notwendig ist.</em></p>
</div>
</div>

<p>1998 verabschiedete Benin eine nationale Politik zur Förderung und Entwicklung der Berufsausbildung. Mit Blick auf die wirtschaftliche Entwicklung und Armutsbekämpfung gilt die Bildung somit als eine nationale Priorität. </p>

<!-- This site is optimized with the Yoast SEO plugin v27.1.1 - https://yoast.com/product/yoast-seo-wordpress/ -->
<title>Berufsbildungszentrum in Zè - Fondation Follereau Luxembourg</title>
<meta name="robots" content="index, follow, max-snippet:-1, max-image-preview:large, max-video-preview:-1" />
<link rel="canonical" href="https://ffl.lu/de/projekte/archiv/ausbildungszentrum-in-ze/" />
<meta property="og:locale" content="de_DE" />
<meta property="og:type" content="article" />
<meta property="og:title" content="Berufsbildungszentrum in Zè - Fondation Follereau Luxembourg" />
<meta property="og:description" content="1998 verabschiedete Benin eine nationale Politik zur Förderung und Entwicklung der Berufsausbildung. Mit Blick auf die wirtschaftliche Entwicklung und Armutsbekämpfung gilt die Bildung somit als eine nationale Priorität." />
<meta property="og:url" content="https://ffl.lu/de/projekte/archiv/ausbildungszentrum-in-ze/" />
<meta property="og:site_name" content="Fondation Follereau Luxembourg" />
<meta property="article:modified_time" content="2021-05-04T13:01:09+00:00" />
<meta property="og:image" content="https://ffl.lu/wp-content/uploads/2020/02/PGC_9176-BENIN.jpg" />
	<meta property="og:image:width" content="1280" />
	<meta property="og:image:height" content="1280" />
	<meta property="og:image:type" content="image/jpeg" />
<meta name="twitter:card" content="summary_large_image" />
<meta name="twitter:label1" content="Geschätzte Lesezeit" />
	<meta name="twitter:data1" content="1 Minute" />
<script type="application/ld+json" class="yoast-schema-graph">{"@context":"https://schema.org","@graph":[{"@type":"WebPage","@id":"https://ffl.lu/de/projekte/archiv/ausbildungszentrum-in-ze/","url":"https://ffl.lu/de/projekte/archiv/ausbildungszentrum-in-ze/","name":"Berufsbildungszentrum in Zè - Fondation Follereau Luxembourg","isPartOf":{"@id":"https://ffl.lu/de/#website"},"primaryImageOfPage":{"@id":"https://ffl.lu/de/projekte/archiv/ausbildungszentrum-in-ze/#primaryimage"},"image":{"@id":"https://ffl.lu/de/projekte/archiv/ausbildungszentrum-in-ze/#primaryimage"},"thumbnailUrl":"https://ffl.lu/wp-content/uploads/2020/02/PGC_9176-BENIN.jpg","datePublished":"2020-03-18T14:02:00+00:00","dateModified":"2021-05-04T13:01:09+00:00","breadcrumb":{"@id":"https://ffl.lu/de/projekte/archiv/ausbildungszentrum-in-ze/#breadcrumb"},"inLanguage":"de","potentialAction":[{"@type":"ReadAction","target":["https://ffl.lu/de/projekte/archiv/ausbildungszentrum-in-ze/"]}]},{"@type":"ImageObject","inLanguage":"de","@id":"https://ffl.lu/de/projekte/archiv/ausbildungszentrum-in-ze/#primaryimage","url":"https://ffl.lu/wp-content/uploads/2020/02/PGC_9176-BENIN.jpg","contentUrl":"https://ffl.lu/wp-content/uploads/2020/02/PGC_9176-BENIN.jpg","width":1280,"height":1280,"caption":"Centre de formation professionnelle de Zè"},{"@type":"BreadcrumbList","@id":"https://ffl.lu/de/projekte/archiv/ausbildungszentrum-in-ze/#breadcrumb","itemListElement":[{"@type":"ListItem","position":1,"name":"Home","item":"https://ffl.lu/de/"},{"@type":"ListItem","position":2,"name":"Projets","item":"https://ffl.lu/de/projekte/"},{"@type":"ListItem","position":3,"name":"Berufsbildungszentrum in Zè"}]},{"@type":"WebSite","@id":"https://ffl.lu/de/#website","url":"https://ffl.lu/de/","name":"Fondation Follereau Luxembourg","description":"Tout seul, on va vite. Ensemble, on va plus loin","potentialAction":[{"@type":"SearchAction","target":{"@type":"EntryPoint","urlTemplate":"https://ffl.lu/de/?s={search_term_string}"},"query-input":{"@type":"PropertyValueSpecification","valueRequired":true,"valueName":"search_term_string"}}],"inLanguage":"de"}]}</script>
<!-- / Yoast SEO plugin. -->

Berufsbildungszentrum in Zè - Fondation Follereau Luxembourg

1998 verabschiedete Benin eine nationale Politik zur Förderung und Entwicklung der Berufsausbildung. Mit Blick auf die wirtschaftliche Entwicklung und Armutsbekämpfung gilt die Bildung somit als eine nationale Priorität.

Centre de formation professionnelle de Zè
