{"id":7438,"date":"2024-12-24T10:22:21","date_gmt":"2024-12-24T09:22:21","guid":{"rendered":"https:\/\/ffl.lu\/?post_type=offres_emploi&#038;p=7438"},"modified":"2025-04-04T07:46:13","modified_gmt":"2025-04-04T05:46:13","slug":"generalkoordinator-m-w-x","status":"publish","type":"offres_emploi","link":"https:\/\/ffl.lu\/de\/offres_emploi\/generalkoordinator-m-w-x\/","title":{"rendered":"Generalkoordinator (m\/w\/x)"},"content":{"rendered":"\n<p><em>ab sofort, Vollzeitstelle.<\/em><\/p>\n\n\n\n<p><strong>&#8211;<\/strong><\/p>\n\n\n\n<p>Sie begeistern sich f\u00fcr humanit\u00e4re Arbeit und die Leitung von Teams in einem Unternehmen \u00fcberschaubarer Gr\u00f6\u00dfe? Dann kommen Sie als <strong>Generalkoordinator (m\/w\/x)<\/strong> zur <strong>Fondation Follereau Luxembourg (FFL)<\/strong>. Wir suchen eine motivierte Person, die die Aktivit\u00e4ten unseres Teams am Hauptsitz koordiniert und gleichzeitig eine enge Zusammenarbeit mit dem Verwaltungsrat sicherstellt.<\/p>\n\n\n\n<p class=\"has-medium-font-size\"><strong>\u00dcber die Fondation Follereau Luxembourg<\/strong><\/p>\n\n\n\n<p><em>Seit \u00fcber 50 Jahren setzt sich die FFL getreu ihren Werten der Solidarit\u00e4t, Inklusion und Achtung der Menschenrechte f\u00fcr die F\u00f6rderung der prim\u00e4ren Gesundheit und Bildung f\u00fcr alle im l\u00e4ndlichen Afrika ein. Wir bevorzugen einen kollaborativen und nachhaltigen Ansatz, der sich auf starke Partnerschaften und eine sorgf\u00e4ltige Verwaltung konzentriert.<\/em><\/p>\n\n\n\n<p class=\"has-medium-font-size\"><strong>Ihre Aufgaben<\/strong><\/p>\n\n\n\n<ol class=\"wp-block-list\">\n<li><strong>Koordinierung der internen Aktivit\u00e4ten:<\/strong> Beaufsichtigung und Begleitung der verschiedenen Abteilungen (Kommunikation, Projekte, Finanzen), um die Erreichung der strategischen Ziele zu gew\u00e4hrleisten.<\/li>\n\n\n\n<li><strong>Institutionelle Vertretung: <\/strong>Vertretung der FFL in den nationalen Instanzen in Verbindung mit den institutionellen Partnern und Verb\u00e4nden. Verwaltung und \u00dcberwachung von Rahmenabkommen und Kofinanzierungen aus \u00f6ffentlichen Mitteln.<\/li>\n\n\n\n<li><strong>Externe Vertretung:<\/strong> \u00d6ffentlichkeitsarbeit f\u00fcr die Aktivit\u00e4ten der Fondation Follereau.<\/li>\n\n\n\n<li><strong>Administrative und relationale Unterst\u00fctzung des Verwaltungsrats:<\/strong> Vorbereitung der Sitzungen, Verfassen von Berichten und Verbindung zwischen dem Team am Hauptsitz und dem Verwaltungsrat.<\/li>\n\n\n\n<li><strong>Finanzielle und strategische \u00dcberwachung:<\/strong> Gew\u00e4hrleistung einer Kontrolle \u00fcber die Verwaltung des Budgets, der Spenden und der Ressourcen.<\/li>\n<\/ol>\n\n\n\n<p><\/p>\n\n\n\n<p class=\"has-medium-font-size\"><strong>Ihr Profil<\/strong><\/p>\n\n\n\n<ul class=\"wp-block-list\">\n<li><strong>F\u00fchrungsst\u00e4rke:<\/strong> F\u00e4higkeit, ein Team f\u00fcr ein gemeinsames Ziel zu mobilisieren.<\/li>\n\n\n\n<li><strong>Ausgezeichnete organisatorische F\u00e4higkeiten:<\/strong> F\u00e4higkeit, Prozesse zu strukturieren und Aufgaben effizient zu priorisieren.<\/li>\n\n\n\n<li><strong>Erfahrung in der Entwicklungszusammenarbeit:<\/strong> Expertise in der Leitung von Kooperationsprojekten, vor allem in Afrika, ist von Vorteil.<\/li>\n\n\n\n<li><strong>Kommunikationsf\u00e4higkeiten:<\/strong> F\u00e4higkeit, mit verschiedenen Zielgruppen zu interagieren und institutionelle Beziehungen zu pflegen. Kenntnisse in den Amtssprachen Luxemburgs sind von Vorteil.<\/li>\n\n\n\n<li><strong>Kenntnis der luxemburgischen Landschaft:<\/strong> gr\u00fcndliches Verst\u00e4ndnis der zivilgesellschaftlichen Akteure und der lokalen Anforderungen.<\/li>\n<\/ul>\n\n\n\n<p><\/p>\n\n\n\n<p class=\"has-medium-font-size\"><strong>Modalit\u00e4ten<\/strong><\/p>\n\n\n\n<p>Um sich zu bewerben, senden Sie Ihren Lebenslauf und Ihr Motivationsschreiben an :<\/p>\n\n\n\n<p>Fondation Follereau Luxembourg<br>Pr\u00e4sident \/Vertrauliche Post<br>204, route d&#8217;Arlon<br>L-8010 Strassen<\/p>\n\n\n\n<p><strong>oder<\/strong><\/p>\n\n\n\n<p><a href=\"mailto:jean.hilger@ffl.lu\">jean.hilger@ffl.lu<\/a><\/p>\n","protected":false},"featured_media":0,"template":"","class_list":["post-7438","offres_emploi","type-offres_emploi","status-publish","hentry"],"acf":[],"yoast_head":"<!-- This site is optimized with the Yoast SEO plugin v27.1.1 - https:\/\/yoast.com\/product\/yoast-seo-wordpress\/ -->\n<title>Generalkoordinator (m\/w\/x) - Fondation Follereau Luxembourg<\/title>\n<meta name=\"robots\" content=\"index, follow, max-snippet:-1, max-image-preview:large, max-video-preview:-1\" \/>\n<link rel=\"canonical\" href=\"https:\/\/ffl.lu\/de\/offres_emploi\/generalkoordinator-m-w-x\/\" \/>\n<meta property=\"og:locale\" content=\"de_DE\" \/>\n<meta property=\"og:type\" content=\"article\" \/>\n<meta property=\"og:title\" content=\"Generalkoordinator (m\/w\/x) - Fondation Follereau Luxembourg\" \/>\n<meta property=\"og:description\" content=\"ab sofort, Vollzeitstelle. &#8211; Sie begeistern sich f\u00fcr humanit\u00e4re Arbeit und die Leitung von Teams in einem Unternehmen \u00fcberschaubarer Gr\u00f6\u00dfe? Dann kommen Sie als Generalkoordinator (m\/w\/x) zur Fondation Follereau Luxembourg [&hellip;]\" \/>\n<meta property=\"og:url\" content=\"https:\/\/ffl.lu\/de\/offres_emploi\/generalkoordinator-m-w-x\/\" \/>\n<meta property=\"og:site_name\" content=\"Fondation Follereau Luxembourg\" \/>\n<meta property=\"article:modified_time\" content=\"2025-04-04T05:46:13+00:00\" \/>\n<meta property=\"og:image\" content=\"https:\/\/ffl.lu\/wp-content\/uploads\/2020\/03\/PeK_97109-Square@2x.jpg\" \/>\n\t<meta property=\"og:image:width\" content=\"1932\" \/>\n\t<meta property=\"og:image:height\" content=\"1932\" \/>\n\t<meta property=\"og:image:type\" content=\"image\/jpeg\" \/>\n<meta name=\"twitter:card\" content=\"summary_large_image\" \/>\n<meta name=\"twitter:label1\" content=\"Gesch\u00e4tzte Lesezeit\" \/>\n\t<meta name=\"twitter:data1\" content=\"2\u00a0Minuten\" \/>\n<script type=\"application\/ld+json\" class=\"yoast-schema-graph\">{\"@context\":\"https:\/\/schema.org\",\"@graph\":[{\"@type\":\"WebPage\",\"@id\":\"https:\/\/ffl.lu\/de\/offres_emploi\/generalkoordinator-m-w-x\/\",\"url\":\"https:\/\/ffl.lu\/de\/offres_emploi\/generalkoordinator-m-w-x\/\",\"name\":\"Generalkoordinator (m\/w\/x) - Fondation Follereau Luxembourg\",\"isPartOf\":{\"@id\":\"https:\/\/ffl.lu\/de\/#website\"},\"datePublished\":\"2024-12-24T09:22:21+00:00\",\"dateModified\":\"2025-04-04T05:46:13+00:00\",\"breadcrumb\":{\"@id\":\"https:\/\/ffl.lu\/de\/offres_emploi\/generalkoordinator-m-w-x\/#breadcrumb\"},\"inLanguage\":\"de\",\"potentialAction\":[{\"@type\":\"ReadAction\",\"target\":[\"https:\/\/ffl.lu\/de\/offres_emploi\/generalkoordinator-m-w-x\/\"]}]},{\"@type\":\"BreadcrumbList\",\"@id\":\"https:\/\/ffl.lu\/de\/offres_emploi\/generalkoordinator-m-w-x\/#breadcrumb\",\"itemListElement\":[{\"@type\":\"ListItem\",\"position\":1,\"name\":\"Home\",\"item\":\"https:\/\/ffl.lu\/de\/\"},{\"@type\":\"ListItem\",\"position\":2,\"name\":\"Generalkoordinator (m\/w\/x)\"}]},{\"@type\":\"WebSite\",\"@id\":\"https:\/\/ffl.lu\/de\/#website\",\"url\":\"https:\/\/ffl.lu\/de\/\",\"name\":\"Fondation Follereau Luxembourg\",\"description\":\"Tout seul, on va vite. Ensemble, on va plus loin\",\"potentialAction\":[{\"@type\":\"SearchAction\",\"target\":{\"@type\":\"EntryPoint\",\"urlTemplate\":\"https:\/\/ffl.lu\/de\/?s={search_term_string}\"},\"query-input\":{\"@type\":\"PropertyValueSpecification\",\"valueRequired\":true,\"valueName\":\"search_term_string\"}}],\"inLanguage\":\"de\"}]}<\/script>\n<!-- \/ Yoast SEO plugin. -->","yoast_head_json":{"title":"Generalkoordinator (m\/w\/x) - Fondation Follereau Luxembourg","robots":{"index":"index","follow":"follow","max-snippet":"max-snippet:-1","max-image-preview":"max-image-preview:large","max-video-preview":"max-video-preview:-1"},"canonical":"https:\/\/ffl.lu\/de\/offres_emploi\/generalkoordinator-m-w-x\/","og_locale":"de_DE","og_type":"article","og_title":"Generalkoordinator (m\/w\/x) - Fondation Follereau Luxembourg","og_description":"ab sofort, Vollzeitstelle. &#8211; Sie begeistern sich f\u00fcr humanit\u00e4re Arbeit und die Leitung von Teams in einem Unternehmen \u00fcberschaubarer Gr\u00f6\u00dfe? Dann kommen Sie als Generalkoordinator (m\/w\/x) zur Fondation Follereau Luxembourg [&hellip;]","og_url":"https:\/\/ffl.lu\/de\/offres_emploi\/generalkoordinator-m-w-x\/","og_site_name":"Fondation Follereau Luxembourg","article_modified_time":"2025-04-04T05:46:13+00:00","og_image":[{"width":1932,"height":1932,"url":"https:\/\/ffl.lu\/wp-content\/uploads\/2020\/03\/PeK_97109-Square@2x.jpg","type":"image\/jpeg"}],"twitter_card":"summary_large_image","twitter_misc":{"Gesch\u00e4tzte Lesezeit":"2\u00a0Minuten"},"schema":{"@context":"https:\/\/schema.org","@graph":[{"@type":"WebPage","@id":"https:\/\/ffl.lu\/de\/offres_emploi\/generalkoordinator-m-w-x\/","url":"https:\/\/ffl.lu\/de\/offres_emploi\/generalkoordinator-m-w-x\/","name":"Generalkoordinator (m\/w\/x) - Fondation Follereau Luxembourg","isPartOf":{"@id":"https:\/\/ffl.lu\/de\/#website"},"datePublished":"2024-12-24T09:22:21+00:00","dateModified":"2025-04-04T05:46:13+00:00","breadcrumb":{"@id":"https:\/\/ffl.lu\/de\/offres_emploi\/generalkoordinator-m-w-x\/#breadcrumb"},"inLanguage":"de","potentialAction":[{"@type":"ReadAction","target":["https:\/\/ffl.lu\/de\/offres_emploi\/generalkoordinator-m-w-x\/"]}]},{"@type":"BreadcrumbList","@id":"https:\/\/ffl.lu\/de\/offres_emploi\/generalkoordinator-m-w-x\/#breadcrumb","itemListElement":[{"@type":"ListItem","position":1,"name":"Home","item":"https:\/\/ffl.lu\/de\/"},{"@type":"ListItem","position":2,"name":"Generalkoordinator (m\/w\/x)"}]},{"@type":"WebSite","@id":"https:\/\/ffl.lu\/de\/#website","url":"https:\/\/ffl.lu\/de\/","name":"Fondation Follereau Luxembourg","description":"Tout seul, on va vite. Ensemble, on va plus loin","potentialAction":[{"@type":"SearchAction","target":{"@type":"EntryPoint","urlTemplate":"https:\/\/ffl.lu\/de\/?s={search_term_string}"},"query-input":{"@type":"PropertyValueSpecification","valueRequired":true,"valueName":"search_term_string"}}],"inLanguage":"de"}]}},"_links":{"self":[{"href":"https:\/\/ffl.lu\/de\/wp-json\/wp\/v2\/offres_emploi\/7438","targetHints":{"allow":["GET"]}}],"collection":[{"href":"https:\/\/ffl.lu\/de\/wp-json\/wp\/v2\/offres_emploi"}],"about":[{"href":"https:\/\/ffl.lu\/de\/wp-json\/wp\/v2\/types\/offres_emploi"}],"wp:attachment":[{"href":"https:\/\/ffl.lu\/de\/wp-json\/wp\/v2\/media?parent=7438"}],"curies":[{"name":"wp","href":"https:\/\/api.w.org\/{rel}","templated":true}]}}

<p><em>ab sofort, Vollzeitstelle.</em></p>



<p><strong>&#8211;</strong></p>



<p>Sie begeistern sich für humanitäre Arbeit und die Leitung von Teams in einem Unternehmen überschaubarer Größe? Dann kommen Sie als <strong>Generalkoordinator (m/w/x)</strong> zur <strong>Fondation Follereau Luxembourg (FFL)</strong>. Wir suchen eine motivierte Person, die die Aktivitäten unseres Teams am Hauptsitz koordiniert und gleichzeitig eine enge Zusammenarbeit mit dem Verwaltungsrat sicherstellt.</p>



<p class="has-medium-font-size"><strong>Über die Fondation Follereau Luxembourg</strong></p>



<p><em>Seit über 50 Jahren setzt sich die FFL getreu ihren Werten der Solidarität, Inklusion und Achtung der Menschenrechte für die Förderung der primären Gesundheit und Bildung für alle im ländlichen Afrika ein. Wir bevorzugen einen kollaborativen und nachhaltigen Ansatz, der sich auf starke Partnerschaften und eine sorgfältige Verwaltung konzentriert.</em></p>



<p class="has-medium-font-size"><strong>Ihre Aufgaben</strong></p>



<ol class="wp-block-list">
<li><strong>Koordinierung der internen Aktivitäten:</strong> Beaufsichtigung und Begleitung der verschiedenen Abteilungen (Kommunikation, Projekte, Finanzen), um die Erreichung der strategischen Ziele zu gewährleisten.</li>



<li><strong>Institutionelle Vertretung: </strong>Vertretung der FFL in den nationalen Instanzen in Verbindung mit den institutionellen Partnern und Verbänden. Verwaltung und Überwachung von Rahmenabkommen und Kofinanzierungen aus öffentlichen Mitteln.</li>



<li><strong>Externe Vertretung:</strong> Öffentlichkeitsarbeit für die Aktivitäten der Fondation Follereau.</li>



<li><strong>Administrative und relationale Unterstützung des Verwaltungsrats:</strong> Vorbereitung der Sitzungen, Verfassen von Berichten und Verbindung zwischen dem Team am Hauptsitz und dem Verwaltungsrat.</li>



<li><strong>Finanzielle und strategische Überwachung:</strong> Gewährleistung einer Kontrolle über die Verwaltung des Budgets, der Spenden und der Ressourcen.</li>
</ol>



<p></p>



<p class="has-medium-font-size"><strong>Ihr Profil</strong></p>



<ul class="wp-block-list">
<li><strong>Führungsstärke:</strong> Fähigkeit, ein Team für ein gemeinsames Ziel zu mobilisieren.</li>



<li><strong>Ausgezeichnete organisatorische Fähigkeiten:</strong> Fähigkeit, Prozesse zu strukturieren und Aufgaben effizient zu priorisieren.</li>



<li><strong>Erfahrung in der Entwicklungszusammenarbeit:</strong> Expertise in der Leitung von Kooperationsprojekten, vor allem in Afrika, ist von Vorteil.</li>



<li><strong>Kommunikationsfähigkeiten:</strong> Fähigkeit, mit verschiedenen Zielgruppen zu interagieren und institutionelle Beziehungen zu pflegen. Kenntnisse in den Amtssprachen Luxemburgs sind von Vorteil.</li>



<li><strong>Kenntnis der luxemburgischen Landschaft:</strong> gründliches Verständnis der zivilgesellschaftlichen Akteure und der lokalen Anforderungen.</li>
</ul>



<p></p>



<p class="has-medium-font-size"><strong>Modalitäten</strong></p>



<p>Um sich zu bewerben, senden Sie Ihren Lebenslauf und Ihr Motivationsschreiben an :</p>



<p>Fondation Follereau Luxembourg<br>Präsident /Vertrauliche Post<br>204, route d&#8217;Arlon<br>L-8010 Strassen</p>



<p><strong>oder</strong></p>



<p><a href="mailto:jean.hilger@ffl.lu">jean.hilger@ffl.lu</a></p>

<!-- This site is optimized with the Yoast SEO plugin v27.1.1 - https://yoast.com/product/yoast-seo-wordpress/ -->
<title>Generalkoordinator (m/w/x) - Fondation Follereau Luxembourg</title>
<meta name="robots" content="index, follow, max-snippet:-1, max-image-preview:large, max-video-preview:-1" />
<link rel="canonical" href="https://ffl.lu/de/offres_emploi/generalkoordinator-m-w-x/" />
<meta property="og:locale" content="de_DE" />
<meta property="og:type" content="article" />
<meta property="og:title" content="Generalkoordinator (m/w/x) - Fondation Follereau Luxembourg" />
<meta property="og:description" content="ab sofort, Vollzeitstelle. &#8211; Sie begeistern sich für humanitäre Arbeit und die Leitung von Teams in einem Unternehmen überschaubarer Größe? Dann kommen Sie als Generalkoordinator (m/w/x) zur Fondation Follereau Luxembourg [&hellip;]" />
<meta property="og:url" content="https://ffl.lu/de/offres_emploi/generalkoordinator-m-w-x/" />
<meta property="og:site_name" content="Fondation Follereau Luxembourg" />
<meta property="article:modified_time" content="2025-04-04T05:46:13+00:00" />
<meta property="og:image" content="https://ffl.lu/wp-content/uploads/2020/03/PeK_97109-Square@2x.jpg" />
	<meta property="og:image:width" content="1932" />
	<meta property="og:image:height" content="1932" />
	<meta property="og:image:type" content="image/jpeg" />
<meta name="twitter:card" content="summary_large_image" />
<meta name="twitter:label1" content="Geschätzte Lesezeit" />
	<meta name="twitter:data1" content="2 Minuten" />
<script type="application/ld+json" class="yoast-schema-graph">{"@context":"https://schema.org","@graph":[{"@type":"WebPage","@id":"https://ffl.lu/de/offres_emploi/generalkoordinator-m-w-x/","url":"https://ffl.lu/de/offres_emploi/generalkoordinator-m-w-x/","name":"Generalkoordinator (m/w/x) - Fondation Follereau Luxembourg","isPartOf":{"@id":"https://ffl.lu/de/#website"},"datePublished":"2024-12-24T09:22:21+00:00","dateModified":"2025-04-04T05:46:13+00:00","breadcrumb":{"@id":"https://ffl.lu/de/offres_emploi/generalkoordinator-m-w-x/#breadcrumb"},"inLanguage":"de","potentialAction":[{"@type":"ReadAction","target":["https://ffl.lu/de/offres_emploi/generalkoordinator-m-w-x/"]}]},{"@type":"BreadcrumbList","@id":"https://ffl.lu/de/offres_emploi/generalkoordinator-m-w-x/#breadcrumb","itemListElement":[{"@type":"ListItem","position":1,"name":"Home","item":"https://ffl.lu/de/"},{"@type":"ListItem","position":2,"name":"Generalkoordinator (m/w/x)"}]},{"@type":"WebSite","@id":"https://ffl.lu/de/#website","url":"https://ffl.lu/de/","name":"Fondation Follereau Luxembourg","description":"Tout seul, on va vite. Ensemble, on va plus loin","potentialAction":[{"@type":"SearchAction","target":{"@type":"EntryPoint","urlTemplate":"https://ffl.lu/de/?s={search_term_string}"},"query-input":{"@type":"PropertyValueSpecification","valueRequired":true,"valueName":"search_term_string"}}],"inLanguage":"de"}]}</script>
<!-- / Yoast SEO plugin. -->

ab sofort, Vollzeitstelle. &#8211; Sie begeistern sich für humanitäre Arbeit und die Leitung von Teams in einem Unternehmen überschaubarer Größe? Dann kommen Sie als Generalkoordinator (m/w/x) zur Fondation Follereau Luxembourg [&hellip;]
